-2 - 0) - 0
-22
What is -10 + -18 + 40 + -14 + -13?
-15
Calculate (-12 + (7 - 23) - -11) + 8.
-9
Calculate (136 + -159 - (0 - 10)) + 3.
-10
Evaluate 0 - 13 - (-286 + 253).
20
Calculate -3 + 4 - (4 - 27 - -4 - 4).
24
Calculate -15 + 15 + (-25 - -60).
35
Calculate (-10 - 8) + 12 - (-33 - (-1 + -1)).
25
Evaluate (0 - 6) + 5 + -11.
-12
What is (38 - 24 - (9 + -2)) + -18 + -8?
-19
Calculate (7 - -2) + (7 - 2) + -11.
3
Evaluate (6 - (31 + 9)) + 9 + 12.
-13
Evaluate -5 + (-3 - 0) + 28 + -21.
-1
75 - (41 + -4 + 3)
35
Calculate -290 + 295 + (-2 - -1) - 12.
-8
What is 194 + -177 + (-2 - -4) + (-5 - -1)?
15
Calculate 0 + 3 + (-2 - (10 + -30 - -6)).
15
Calculate 17 + -4 + 31 + -38.
6
19 + -12 + (-6 - 1) - (3 - 1)
-2
Evaluate 8 + 0 + -1 - (135 + (-112 - -4)).
-20
What is 9 - (27 - 24 - -8)?
-2
What is (-337 - -337) + (0 - 15)?
-15
Evaluate (0 - (2 + -3) - (68 - 73)) + 4.
10
Calculate -15 + (-2 - -12) - (0 + -31).
26
What is (15 - 0) + -30 - -23?
8
Evaluate (29 - 30) + (-1 - 5 - (5 + -19)).
7
What is 44 + (-16 - (-20 - -15)) + (3 - -1)?
37
What is -1 + 5 + 3 + (19 - (13 + -11))?
24
1 + 12 + (14 - (13 - 4))
18
(4 - 5 - -6) + -11 - (2 + 5)
-13
What is -83 + -25 + 92 - (-1 - (-6 - 1))?
-22
What is the value of (4 - 10) + 9 + -14?
-11
Evaluate 55 + -49 + (-10 - 0) - 17.
-21
Calculate -3 - 3 - (2 - -1 - 1).
-8
What is (-2 - 4) + -6 + 7?
-5
1 + 40 + -24 + -14 + 0
3
What is 2 - (12 - -3 - 6 - 12)?
5
What is the value of -1 + -1 + -1 + (-277 - -283)?
3
What is the value of (2 - 9 - 0) + (97 - 91)?
-1
((-19 - -12) + -30 - -30) + (-1 - 4)
-12
What is the value of 1 + 8 + -13 + 8?
4
What is 5 - (-4 + 0 + 17 - 2 - 1)?
-5
Calculate 20 - ((-1 - -9) + -13 - -6) - -1.
20
What is the value of -22 - (39 + -50) - (1 + -15 + 0)?
3
Calculate (4 - (0 - -3)) + (3 - 1) + -10.
-7
What is (-29 - -6) + 4 - -28?
9
Calculate (-30 - -8) + 133 + -143.
-32
What is the value of -2 + (22 - -5) + -7 + -10 + 15?
23
What is -22 + 30 + 2 + -6?
4
-3 - 5 - (1 - 5 - -2 - -25)
-31
What is -2 - (31 + -2) - (-808 + 793)?
-16
What is (19 - 3 - 4) + (8 + 12 - 52)?
-20
Calculate (-32 - -26) + -6 + 17.
5
Evaluate (-33 + 27 - (-9 - (3 - 2))) + -5.
-1
What is the value of 27 + (-13 - 0) + -15 + -1?
-2
What is (-1 + 1 - -5) + 2 + -4 + 4?
7
Calculate 61 + -27 - (-1 - (-2 + -10 - -1)).
24
Calculate 31 - (2 + 22) - 11.
-4
What is 1 - 1 - (-27 - -67) - -8 - -8?
-24
What is 17 + 1 + 3 + -21?
0
Evaluate (44 - 49) + (1 + -3 - -3).
-4
7 - ((4 - 10) + 4 + -1)
10
Calculate 73 + -58 + 3 + -26.
-8
Evaluate 38 - (12 + 16) - (33 - -1 - 2).
-22
What is -41 - -48 - (2 - -4)?
1
Evaluate 2 + -2 + (21 - 9) + 6.
18
What is the value of -1 + 6 + 5 + -12 + -1?
-3
Evaluate -18 - -14 - ((3 - 1) + 1 + 0).
-7
(2 - (9 - 10)) + (-4 - -11)
10
-3 - -13 - 1 - 20
-11
What is -12 - (-2 - 9) - -13?
12
What is -34 + 16 + 15 + (4 + -2 - 0)?
-1
What is the value of 9 - (1 - -9 - -14) - (-2 + 2)?
-15
What is -6566 - -6556 - (12 + 2 + -3 - -1)?
-22
Calculate 4 + (-6 - (21 + -16)).
-7
What is 0 + 5 - (4 + -3 + 15 + -23)?
12
Calculate (-8 + 11 - 6 - -4) + -20.
-19
(-3 + (-13 - -28) - 0) + -2
10
What is 20 + -18 + 6 - (11 - 3) - -26?
26
43 + -83 - 21 - -33
-28
Calculate (1 - -10) + (-17 - -4) + -32.
-34
16 + -13 + -2 + (-15 - -2)
-12
Evaluate (-15 - (-4 - -1)) + 4 + (17 - 12).
-3
Calculate (3 - 0) + -41 + 42.
4
What is -1 + (-4 + 11 - 7 - -7)?
6
What is the value of -11 + (31 + -26 - (-8 + 19))?
-17
What is the value of -2 - (-1 - 3) - (11 + -6 + -2)?
-1
What is -8 + -12 + (14 - 1)?
-7
What is 95 + -89 - ((0 - 4) + -1)?
11
Evaluate 5 + 22 - (2 + 39).
-14
What is the value of 7 + -2 - (30 - (37 - 1))?
11
Calculate (-34 - -50) + -7 + -2 + 4.
11
What is the value of -10 + (-23 - (-19 + 2))?
-16
Evaluate -23 + (0 + 17 - 11).
-17
Evaluate 1 + 8 + -27 + (9 - 12).
-21
What is (-3 - 7) + 33 - 8?
15
What is -16 + 20 + -11 - 1 - 20?
-28
What is -3 + (2 - 1) + 113 + -115?
-4
What is the value of (2 - 4) + -2 + -1 - (73 - 80)?
2
What is the value of 21 - -1 - (-184 + 235)?
-29
-9 - -1 - (0 + 7 - (42 + -2))
25
Evaluate 16 + 10 - 17 - (4 + -3).
8
Calculate 1 + 5 + (9 - (6 - 1)) + -6.
4
Evaluate -1 + 8 - (-5 - -2 - -5).
5
What is the value of 17 + -6 + -2 + 2?
11
What is -18 + (33 - -10) - (9 + -4 + -5)?
25
-10 + 0 + 3 + (-6 + 0 - 0)
-13
What is 1 + -1 - 2 - (65 - 101 - -36)?
-2
What is 12 - 2 - (-22 + 26)?
6
-10 + 11 + -6 + (0 - 7)
-12
(-7 - 17 - -5) + 3
-16
Evaluate 552 + -539 + 21 + 2 + -2.
34
What is the value of (29 - 36 - (-4 + -4)) + 1?
2
What is -364 + 349 - (-29 + 0)?
14
21 - ((5 - -16) + -3)
3
Calculate -3 - (-1 + 6 + 13).
-21
What is the value of 7 + -3 + -12 + -10?
-18
Evaluate 3 - (12 + -21 - 3).
15
Evaluate 0 + -2 + 1 + (29 - 24) + -9.
-5
Evaluate 3 + (9 - 14) + -1.
-3
Calculate (2 - (17 + -38)) + -14.
9
-16 + (25 - 19 - 2)
-12
Calculate -4 - ((-1 + 16 - 0) + 7 + 0).
-26
Calculate 15 + (-36 - 1 - (9 + -18)).
-13
Calculate -3 + (-3 - (7 + -13 - -2)).
-2
What is (-12 - (-12 + 5) - -4) + 2 + 19?
20
What is (-4 - 2) + (0 - -3)?
-3
Evaluate -3 + 3 + -7 + 7 - (-1 - 9).
10
Evaluate -1 - -19 - (-21 + (-23 - -80)).
-18
Evaluate 0 + 7 + (-86 - -79) + -4 + 22.
18
Evaluate 2 + -1 - (7 + -14 - -15).
-7
-30 - -34 - (7 - -2) - (-2 - 3)
0
(0 - 1) + (-38 - -50)
11
What is the value of 2 + -7 + -53 + 49 + -2?
-11
What is the value of 12 - (-1 - (2 + -16))?
-1
(-52 - -24 - (5 + -21)) + 17
5
What is the value of (8 - (-11 + 1)) + (1 - -6) - 4?
21
Calculate -9 + 6 + 25 + -23.
-1
Calculate (5 - 3 - 6 - -5) + -19 + 17.
-1
22 + (-9 - (-14 - -30))
-3
-2 + 10 + -3 + -7
-2
Evaluate 13 - (0 - (3 - (-5 + 5)) - 1).
17
What is (-2 - -13) + 15 + (24 - 2) + -73?
-25
Calculate (5 - 13 - -15 - -4) + -8.
3
-6 + (-11 - (-8 + -15))
6
-5 + -6 + 3 - (15 - 20)
-3
(40 + -28 - 16) + (-1 - -4) - 9
-10
Evaluate 10 + 27 + -39 - 11.
-13
-11 + (22 - 7) + (3 - (-4 - 4))
15
Calculate (13 - -6) + -15 + -1 + -1 - 12.
-10
What is (-3 - (11 + -10)) + 21 - 8?
9
Calculate 7 + 20 + -11 + -8.
8
Evaluate -9 + ((-6 - 2) + 14 + -8 - 7).
-18
Calculate 166 + -162 - (0 - 2 - (-3 - -4)).
7
Evaluate -1 - (2 + 13 + -4).
-12
What is the value of 5 - (12 + 16 + -2) - (-4 + 0)?
-17
1 - (5 - (-9 + 5) - 3) - 9
-14
What is the value of -9 + (-15 - -3 - (1 - (13 - 12)))?
-21
8 + (-3 - ((-7 - -2) + (2 - -5)))
3
Calculate 457 + -438 - (-10 - -1).
28
What is the value of -24 + (38 - 47) + 67?
34
Calculate -8 - (15 - 15) - (-2 + -21).
15
What is -9 + 3 - (-3 + 7 + -1)?
-9
(-7 - -1) + -139 + 132
-13
(3 - (15 + -24 - -19)) + -1
-8
Evaluate 3 + -1 - (7 - (1 - (-9 - 7))).
12
Calculate (-45 - -40 - (0 + -5)) + -1 + 9.
8
Evaluate 18 + -5 + 2 + 0.
15
Calculate 13 + -31 + 21 + 0 + 1.
4
-3 - ((-55 - -47) + 2 + 13)
-10
What is the value of (2 - 8) + -2 + 1 + 68 + -50?
11
Calculate 8 - ((11 - -8) + 8) - -11.
-8
Calculate 9 + (5 - (12 + -9 - 5)).
16
What is the value of 12 + -27 + 4 + 28?
17
Evaluate -12 + (8 - 3 - 8) + 9 - -9.
3
What is 2 - (7 + -7 + 4 + -6 - -9)?
-5
Evaluate (-11 - 5) + -36 + 50.
-2
Evaluate -3 + 0 + (27 + -10 - 10).
4
What is the value of 13 + -10 + 1 + (3 - (-3 + 14))?
-4
Calculate (1 - (-10 - -12 - (-2 - 0))) + 5.
2
5 - (11 - (7 - (-4 - -8)) - -11)
-14
Calculate (0 + -9 - (78 + -72)) + -1 + 7.
-9
Calculate -81 + 82 + (-1 - -4).
4
Calculate (25 - 13) + (-6 + 1 - (-6 + 7)).
6
What is -16 + 6 + -10 + 19 + -23?
-24
7 + -1 + 2 + -4
4
10 + (-17 - (-6 + 7 + -7))
-1
-6 + (-2 - (3 - 2)) + 0 + 2
-7
Evaluate (1 - (4 + -1)) + (-91 - -77).
-16
Calculate (-1 - -39) + (-58 - -9) + 37.
26
What is the value of -6 + (-9 + (5 - 1) - -17 - -6)?
12
Calculate -4 - 17 - (-19 + 14).
-16
Calculate 54 - 60 - (-2 - (-1 + -2)).
-7
Calculate 6 - (19 + -1 + (-126 - -133)).
-19
What is -11 - (1 - 6) - -1?
-5
Calculate 25 + -7 + -46 + 19.
-9
7 - (5 + -27 + (15 - 5 - 6))
25
What is (-2 + -31 + 14 - -60) + (-7 - 2)?
32
Calculate 15 - (40 + 2 + (-4 - 12)).
-11
-1 - -1 - (-9 + (23 - 7))
-7
What is the value of 1 - (-4 - (-18 + 6 + 6))?
-1
What is the value of 2 - (1 + -2) - (-49 + 60) - -1?
-7
Evaluate -17 + 26 - (2 + 21 + -7).
-7
What is (20 - 6) + -23 + 9?
0
What is (-7 - (-3 + (-6 - -13 - 3))) + -2?
-10
Calculate (-43 - (-2 + -9)) + (12 - (5 + 0)).
-25
-2 - (3 - (-1 - -25))
19
What is the value of -5 - (-8 - (2 - (2 + (-5 - 3))))?
11
What is 30 + (-8 - 11 - -13) + -7?
17
What is -311 - -331 - (1 - -30)?
-11
What is the value of (19 - (10 - (16